{"id":183,"date":"2023-01-20T15:54:15","date_gmt":"2023-01-20T14:54:15","guid":{"rendered":"http:\/\/92.112.180.172:8000\/?post_type=product&#038;p=183"},"modified":"2026-05-08T12:01:08","modified_gmt":"2026-05-08T11:01:08","slug":"creme-biodra","status":"publish","type":"product","link":"https:\/\/biosuzcosmetics.shop\/?product=creme-biodra","title":{"rendered":"BIODRA"},"content":{"rendered":"<p><strong>BIODRA \u2014 Cr\u00e8me Hydratante Jour &amp; Nuit<\/strong><br \/>\n<strong>Visage &amp; Corps<\/strong><\/p>\n<p>Cette cr\u00e8me offre \u00e0 votre peau une source continue d\u2019hydratation et de confort. Utilis\u00e9e matin et soir, BIODRA r\u00e9hydrate intens\u00e9ment, apaise durablement et r\u00e9v\u00e8le une peau souple, douce et \u00e9clatante. Sa texture l\u00e9g\u00e8re p\u00e9n\u00e8tre facilement, sans laisser de film gras, pour un soin quotidien complet du visage et du corps.<\/p>\n<p>Id\u00e9ale pour toutes les saisons et tous les types de peau.<\/p>\n<p><strong>Mode d\u2019emploi :<\/strong><br \/>\nAppliquer matin et soir sur le visage et le corps propres et secs. Masser d\u00e9licatement jusqu\u2019\u00e0 absorption compl\u00e8te. Usage externe uniquement.<\/p>\n<p><strong>Pr\u00e9cautions d\u2019emploi :<\/strong><br \/>\n\u00c9viter le contact avec les yeux. Ne pas appliquer sur une peau irrit\u00e9e ou bless\u00e9e. En cas de r\u00e9action, cesser l\u2019utilisation. Conserver \u00e0 l\u2019abri de la chaleur, de l\u2019humidit\u00e9 et de la lumi\u00e8re.<\/p>\n<p><strong>INCI<\/strong> : Aqua, Aloe Barbadensis Leaf Juice, Butyrospermum Parkii Butter, Simmondsia Chinensis Seed Oil, Urea, Ceramide NP, Sodium Lactate, Niacinamide, Astaxanthin, Glycerin, Cetearyl Alcohol, Ceteareth-20, Stearic Acid, Xanthan Gum, Sodium Phytate, Sodium Citrate, Tocopherol, Propylene Glycol, Diazolidinyl Urea, Iodopropynyl Butylcarbamate,Parfum.<\/p>\n","protected":false},"excerpt":{"rendered":"<p>Cette cr\u00e8me offre \u00e0 votre peau une source continue d\u2019hydratation et de confort. Utilis\u00e9e matin et soir, BIODRA r\u00e9hydrate intens\u00e9ment, apaise durablement et r\u00e9v\u00e8le une peau souple, douce et \u00e9clatante. Sa texture l\u00e9g\u00e8re p\u00e9n\u00e8tre facilement, sans laisser de film gras, pour un soin quotidien complet du visage et du corps.<\/p>\n","protected":false},"featured_media":845,"comment_status":"open","ping_status":"closed","template":"","meta":[],"product_brand":[],"product_cat":[24,28,19],"product_tag":[],"class_list":{"0":"post-183","1":"product","2":"type-product","3":"status-publish","4":"has-post-thumbnail","6":"product_cat-cremes","7":"product_cat-hydratant-unifiant","8":"product_cat-produits","10":"first","11":"instock","12":"shipping-taxable","13":"purchasable","14":"product-type-simple"},"jetpack-related-posts":[{"id":182,"url":"https:\/\/biosuzcosmetics.shop\/?product=savon-noir-traitant","url_meta":{"origin":183,"position":0},"title":"MBANDU","author":"@dm1n","date":"janvier 20, 2023","format":false,"excerpt":"Gr\u00e2ce \u00e0 ses compos\u00e9s naturels, ce savon\u00a0traite efficacement les affections comme l'acn\u00e9, l'ecz\u00e9ma ou les dermatites. Ce savon est id\u00e9al pour nettoyer en profondeur, uniformiser le teint et am\u00e9liorer l'apparence g\u00e9n\u00e9rale de la peau. \u00a0","rel":"","context":"Article similaire","block_context":{"text":"Article similaire","link":""},"img":{"alt_text":"","src":"https:\/\/i0.wp.com\/biosuzcosmetics.shop\/wp-content\/uploads\/2023\/01\/1768303287.png?resize=350%2C200&ssl=1","width":350,"height":200,"srcset":"https:\/\/i0.wp.com\/biosuzcosmetics.shop\/wp-content\/uploads\/2023\/01\/1768303287.png?resize=350%2C200&ssl=1 1x, https:\/\/i0.wp.com\/biosuzcosmetics.shop\/wp-content\/uploads\/2023\/01\/1768303287.png?resize=525%2C300&ssl=1 1.5x, https:\/\/i0.wp.com\/biosuzcosmetics.shop\/wp-content\/uploads\/2023\/01\/1768303287.png?resize=700%2C400&ssl=1 2x"},"classes":[]},{"id":656,"url":"https:\/\/biosuzcosmetics.shop\/?product=savon-detox","url_meta":{"origin":183,"position":1},"title":"BIODETOX","author":"@dm1n","date":"mars 26, 2025","format":false,"excerpt":"Ce savon artisanal naturel surgraiss\u00e9 d\u00e9toxifie et nettoie en profondeur. Il exfolie et purifie votre peau. Il a une action b\u00e9n\u00e9fique sur l'acn\u00e9. Il est sans parfum et convient aux peaux sensibles.","rel":"","context":"Article similaire","block_context":{"text":"Article similaire","link":""},"img":{"alt_text":"","src":"https:\/\/i0.wp.com\/biosuzcosmetics.shop\/wp-content\/uploads\/2025\/03\/1755951634.png?resize=350%2C200&ssl=1","width":350,"height":200,"srcset":"https:\/\/i0.wp.com\/biosuzcosmetics.shop\/wp-content\/uploads\/2025\/03\/1755951634.png?resize=350%2C200&ssl=1 1x, https:\/\/i0.wp.com\/biosuzcosmetics.shop\/wp-content\/uploads\/2025\/03\/1755951634.png?resize=525%2C300&ssl=1 1.5x, https:\/\/i0.wp.com\/biosuzcosmetics.shop\/wp-content\/uploads\/2025\/03\/1755951634.png?resize=700%2C400&ssl=1 2x"},"classes":[]},{"id":680,"url":"https:\/\/biosuzcosmetics.shop\/?product=nettoyant-bio-cleanse","url_meta":{"origin":183,"position":2},"title":"Nettoyant bio cleanse","author":"@dm1n","date":"mars 28, 2025","format":false,"excerpt":"Ce nettoyant visage formul\u00e9 de l'acide salicylique et de l'huile essentielle de tea tree nettoie en douceur, \u00e9limine les impuret\u00e9s et r\u00e9duit l'exc\u00e8s de s\u00e9bum sans dess\u00e9cher la peau. Il convient particuli\u00e8rement aux peaux grasses et sujettes aux imperfections.","rel":"","context":"Article similaire","block_context":{"text":"Article similaire","link":""},"img":{"alt_text":"","src":"https:\/\/i0.wp.com\/biosuzcosmetics.shop\/wp-content\/uploads\/2025\/03\/Sans-titre.png?resize=350%2C200&ssl=1","width":350,"height":200,"srcset":"https:\/\/i0.wp.com\/biosuzcosmetics.shop\/wp-content\/uploads\/2025\/03\/Sans-titre.png?resize=350%2C200&ssl=1 1x, https:\/\/i0.wp.com\/biosuzcosmetics.shop\/wp-content\/uploads\/2025\/03\/Sans-titre.png?resize=525%2C300&ssl=1 1.5x, https:\/\/i0.wp.com\/biosuzcosmetics.shop\/wp-content\/uploads\/2025\/03\/Sans-titre.png?resize=700%2C400&ssl=1 2x"},"classes":[]},{"id":678,"url":"https:\/\/biosuzcosmetics.shop\/?product=gommage-eclat","url_meta":{"origin":183,"position":3},"title":"Gommage \u00e9clat","author":"@dm1n","date":"mars 28, 2025","format":false,"excerpt":"Ce gommage compos\u00e9 de sucre blanc, beurre de karit\u00e9, hibiscus, poudre de m\u00fbrier, exfolie la peau en \u00e9liminant les cellules mortes gr\u00e2ce au sucre tout en l\u2019hydratant et la nourrissant avec le beurre de karit\u00e9. Il unifie le teint et r\u00e9duit les taches gr\u00e2ce \u00e0 l\u2019action \u00e9claircissante de la poudre\u2026","rel":"","context":"Article similaire","block_context":{"text":"Article similaire","link":""},"img":{"alt_text":"","src":"https:\/\/i0.wp.com\/biosuzcosmetics.shop\/wp-content\/uploads\/2025\/03\/1755963250.png?resize=350%2C200&ssl=1","width":350,"height":200,"srcset":"https:\/\/i0.wp.com\/biosuzcosmetics.shop\/wp-content\/uploads\/2025\/03\/1755963250.png?resize=350%2C200&ssl=1 1x, https:\/\/i0.wp.com\/biosuzcosmetics.shop\/wp-content\/uploads\/2025\/03\/1755963250.png?resize=525%2C300&ssl=1 1.5x, https:\/\/i0.wp.com\/biosuzcosmetics.shop\/wp-content\/uploads\/2025\/03\/1755963250.png?resize=700%2C400&ssl=1 2x"},"classes":[]},{"id":679,"url":"https:\/\/biosuzcosmetics.shop\/?product=gommage-nourrissant","url_meta":{"origin":183,"position":4},"title":"Gommage nourrissant","author":"@dm1n","date":"mars 28, 2025","format":false,"excerpt":"Ce gommage hydrate, exfolie, nourrit et revitalise la peau, tout en favorisant l'\u00e9clat et la douceur du teint. La poudre de moringa et l'aloe vera purifient la peau et lui apportent des vitamines et des antioxydants pour un teint lumineux.","rel":"","context":"Article similaire","block_context":{"text":"Article similaire","link":""},"img":{"alt_text":"","src":"https:\/\/i0.wp.com\/biosuzcosmetics.shop\/wp-content\/uploads\/2025\/03\/1755964213.png?resize=350%2C200&ssl=1","width":350,"height":200,"srcset":"https:\/\/i0.wp.com\/biosuzcosmetics.shop\/wp-content\/uploads\/2025\/03\/1755964213.png?resize=350%2C200&ssl=1 1x, https:\/\/i0.wp.com\/biosuzcosmetics.shop\/wp-content\/uploads\/2025\/03\/1755964213.png?resize=525%2C300&ssl=1 1.5x, https:\/\/i0.wp.com\/biosuzcosmetics.shop\/wp-content\/uploads\/2025\/03\/1755964213.png?resize=700%2C400&ssl=1 2x"},"classes":[]},{"id":677,"url":"https:\/\/biosuzcosmetics.shop\/?product=gommage-detoxifiant","url_meta":{"origin":183,"position":5},"title":"Gommage d\u00e9toxifiant","author":"@dm1n","date":"mars 28, 2025","format":false,"excerpt":"Ce gommage au charbon et \u00e0 la citronnelle d\u00e9toxifie, purifie, exfolie et revitalise la peau, tout en r\u00e9duisant les imperfections et en apportant une sensation de fra\u00eecheur. Il est id\u00e9al pour les peaux mixtes \u00e0 grasses, sujettes aux imperfections, mais convient \u00e9galement \u00e0 tous les types de peau en qu\u00eate\u2026","rel":"","context":"Article similaire","block_context":{"text":"Article similaire","link":""},"img":{"alt_text":"","src":"https:\/\/i0.wp.com\/biosuzcosmetics.shop\/wp-content\/uploads\/2025\/03\/1755932094.png?resize=350%2C200&ssl=1","width":350,"height":200,"srcset":"https:\/\/i0.wp.com\/biosuzcosmetics.shop\/wp-content\/uploads\/2025\/03\/1755932094.png?resize=350%2C200&ssl=1 1x, https:\/\/i0.wp.com\/biosuzcosmetics.shop\/wp-content\/uploads\/2025\/03\/1755932094.png?resize=525%2C300&ssl=1 1.5x, https:\/\/i0.wp.com\/biosuzcosmetics.shop\/wp-content\/uploads\/2025\/03\/1755932094.png?resize=700%2C400&ssl=1 2x"},"classes":[]}],"jetpack_sharing_enabled":true,"_links":{"self":[{"href":"https:\/\/biosuzcosmetics.shop\/index.php?rest_route=\/wp\/v2\/product\/183","targetHints":{"allow":["GET"]}}],"collection":[{"href":"https:\/\/biosuzcosmetics.shop\/index.php?rest_route=\/wp\/v2\/product"}],"about":[{"href":"https:\/\/biosuzcosmetics.shop\/index.php?rest_route=\/wp\/v2\/types\/product"}],"replies":[{"embeddable":true,"href":"https:\/\/biosuzcosmetics.shop\/index.php?rest_route=%2Fwp%2Fv2%2Fcomments&post=183"}],"wp:featuredmedia":[{"embeddable":true,"href":"https:\/\/biosuzcosmetics.shop\/index.php?rest_route=\/wp\/v2\/media\/845"}],"wp:attachment":[{"href":"https:\/\/biosuzcosmetics.shop\/index.php?rest_route=%2Fwp%2Fv2%2Fmedia&parent=183"}],"wp:term":[{"taxonomy":"product_brand","embeddable":true,"href":"https:\/\/biosuzcosmetics.shop\/index.php?rest_route=%2Fwp%2Fv2%2Fproduct_brand&post=183"},{"taxonomy":"product_cat","embeddable":true,"href":"https:\/\/biosuzcosmetics.shop\/index.php?rest_route=%2Fwp%2Fv2%2Fproduct_cat&post=183"},{"taxonomy":"product_tag","embeddable":true,"href":"https:\/\/biosuzcosmetics.shop\/index.php?rest_route=%2Fwp%2Fv2%2Fproduct_tag&post=183"}],"curies":[{"name":"wp","href":"https:\/\/api.w.org\/{rel}","templated":true}]}}